e remainder when 80188 is divided by 27.
25
Calculate the remainder when 16834 is divided by 80.
34
What is the remainder when 22516 is divided by 2251?
6
What is the remainder when 2354 is divided by 341?
308
What is the remainder when 58799 is divided by 80?
79
What is the remainder when 13246 is divided by 11?
2
Calculate the remainder when 9893 is divided by 27.
11
What is the remainder when 1399 is divided by 403?
190
What is the remainder when 100659 is divided by 14379?
6
What is the remainder when 113870 is divided by 1406?
1390
What is the remainder when 32961 is divided by 7988?
1009
Calculate the remainder when 195799 is divided by 378.
373
Calculate the remainder when 4490 is divided by 768.
650
What is the remainder when 10125 is divided by 723?
3
Calculate the remainder when 37012 is divided by 66.
52
What is the remainder when 30222 is divided by 5?
2
Calculate the remainder when 5824 is divided by 75.
49
What is the remainder when 1457 is divided by 274?
87
What is the remainder when 4058215 is divided by 142?
139
What is the remainder when 12534 is divided by 12?
6
Calculate the remainder when 25678 is divided by 251.
76
What is the remainder when 3646 is divided by 8?
6
What is the remainder when 8454 is divided by 1096?
782
Calculate the remainder when 3085 is divided by 170.
25
What is the remainder when 14882 is divided by 169?
10
Calculate the remainder when 37935 is divided by 17.
8
Calculate the remainder when 12329 is divided by 947.
18
What is the remainder when 5737 is divided by 5201?
536
What is the remainder when 10771 is divided by 178?
91
What is the remainder when 19064 is divided by 16?
8
Calculate the remainder when 10955 is divided by 353.
12
What is the remainder when 608108 is divided by 656?
652
What is the remainder when 2851 is divided by 218?
17
Calculate the remainder when 26513 is divided by 414.
17
What is the remainder when 6452 is divided by 694?
206
Calculate the remainder when 54181 is divided by 104.
101
Calculate the remainder when 22779 is divided by 402.
267
What is the remainder when 15218 is divided by 50?
18
What is the remainder when 25703 is divided by 714?
713
What is the remainder when 146317 is divided by 590?
587
Calculate the remainder when 2145 is divided by 112.
17
What is the remainder when 170330 is divided by 170319?
11
What is the remainder when 53947 is divided by 1457?
38
Calculate the remainder when 7034 is divided by 44.
38
Calculate the remainder when 3987 is divided by 1198.
393
What is the remainder when 21119 is divided by 132?
131
What is the remainder when 10367 is divided by 1035?
17
What is the remainder when 1071 is divided by 308?
147
Calculate the remainder when 23410 is divided by 7803.
1
Calculate the remainder when 36306 is divided by 422.
14
What is the remainder when 2747 is divided by 554?
531
Calculate the remainder when 13111 is divided by 146.
117
Calculate the remainder when 2902311 is divided by 39.
9
What is the remainder when 15709 is divided by 7?
1
What is the remainder when 22489 is divided by 7?
5
Calculate the remainder when 183743 is divided by 519.
17
Calculate the remainder when 248145 is divided by 106.
105
Calculate the remainder when 50420 is divided by 17.
15
What is the remainder when 1149 is divided by 36?
33
What is the remainder when 34749 is divided by 32?
29
Calculate the remainder when 50174 is divided by 15.
14
Calculate the remainder when 118857 is divided by 223.
221
Calculate the remainder when 14443 is divided by 2045.
128
What is the remainder when 59167 is divided by 5378?
9
Calculate the remainder when 984 is divided by 96.
24
What is the remainder when 19734 is divided by 51?
48
Calculate the remainder when 1171437 is divided by 10.
7
Calculate the remainder when 66360 is divided by 1005.
30
Calculate the remainder when 4099 is divided by 91.
4
Calculate the remainder when 1017 is divided by 14.
9
What is the remainder when 4635 is divided by 808?
595
Calculate the remainder when 282 is divided by 250.
32
Calculate the remainder when 575 is divided by 321.
254
Calculate the remainder when 28266 is divided by 514.
510
Calculate the remainder when 449886 is divided by 9780.
6
Calculate the remainder when 1592748 is divided by 56.
52
Calculate the remainder when 3459 is divided by 675.
84
What is the remainder when 4822 is divided by 723?
484
Calculate the remainder when 746924 is divided by 1197.
1193
What is the remainder when 47383 is divided by 79?
62
Calculate the remainder when 1961 is divided by 500.
461
What is the remainder when 12125 is divided by 12111?
14
What is the remainder when 2404 is divided by 29?
26
Calculate the remainder when 13653 is divided by 4549.
6
Calculate the remainder when 2476 is divided by 118.
116
What is the remainder when 10692 is divided by 668?
4
What is the remainder when 11446 is divided by 2548?
1254
What is the remainder when 127568 is divided by 83?
80
What is the remainder when 292438 is divided by 247?
237
Calculate the remainder when 25742 is divided by 39.
2
Calculate the remainder when 27357 is divided by 288.
285
Calculate the remainder when 99982 is divided by 752.
718
Calculate the remainder when 43859 is divided by 91.
88
What is the remainder when 1061442 is divided by 21?
18
What is the remainder when 1087 is divided by 622?
465
Calculate the remainder when 20023 is divided by 9839.
345
Calculate the remainder when 3421 is divided by 15.
1
Calculate the remainder when 238035 is divided by 1294.
1233
What is the remainder when 7603 is divided by 684?
79
What is the remainder when 2245 is divided by 452?
437
Calculate the remainder when 154500 is divided by 2575.
0
Calculate the remainder when 18332 is divided by 5925.
557
What is the remainder when 1068 is divided by 1041?
27
What is the remainder when 5981015 is divided by 31?
30
Calculate the remainder when 24021 is divided by 72.
45
What is the remainder when 227838 is divided by 29?
14
What is the remainder when 19934098 is divided by 1620?
1618
Calculate the remainder when 12723 is divided by 111.
69
Calculate the remainder when 14378 is divided by 258.
188
Calculate the remainder when 15672 is divided by 1306.
0
What is the remainder when 107626 is divided by 708?
10
What is the remainder when 37557 is divided by 89?
88
Calculate the remainder when 224903 is divided by 9.
2
Calculate the remainder when 383 is divided by 261.
122
Calculate the remainder when 12580 is divided by 201.
118
What is the remainder when 78536 is divided by 863?
3
What is the remainder when 1567 is divided by 673?
221
What is the remainder when 516 is divided by 82?
24
What is the remainder when 21800 is divided by 386?
184
Calculate the remainder when 3426 is divided by 290.
236
What is the remainder when 71249 is divided by 94?
91
What is the remainder when 2737 is divided by 5?
2
What is the remainder when 57870 is divided by 133?
15
Calculate the remainder when 1426 is divided by 136.
66
What is the remainder when 36317 is divided by 10?
7
Calculate the remainder when 12671 is divided by 668.
647
What is the remainder when 39975 is divided by 171?
132
Calculate the remainder when 33074 is divided by 149.
145
Calculate the remainder when 145 is divided by 39.
28
Calculate the remainder when 4385 is divided by 1186.
827
Calculate the remainder when 1461 is divided by 613.
235
Calculate the remainder when 601 is divided by 138.
49
What is the remainder when 1460639 is divided by 358?
357
Calculate the remainder when 82794 is divided by 511.
12
What is the remainder when 26849 is divided by 671?
9
Calculate the remainder when 3929 is divided by 725.
304
Calculate the remainder when 9230 is divided by 512.
14
What is the remainder when 36032 is divided by 308?
304
Calculate the remainder when 1340 is divided by 171.
143
What is the remainder when 1804 is divided by 63?
40
Calculate the remainder when 31450 is divided by 2287.
1719
What is the remainder when 20755 is divided by 17?
15
What is the remainder when 4889 is divided by 1582?
143
Calculate the remainder when 11007 is divided by 72.
63
What is the remainder when 2623 is divided by 3?
1
What is the remainder when 37187 is divided by 539?
535
Calculate the remainder when 66872 is d